{"id":1700,"date":"2024-08-06T20:02:21","date_gmt":"2024-08-06T20:02:21","guid":{"rendered":"https:\/\/nachtartkeil.de\/?page_id=1700"},"modified":"2025-09-15T21:54:49","modified_gmt":"2025-09-15T21:54:49","slug":"ki","status":"publish","type":"page","link":"https:\/\/nachtartkeil.de\/?page_id=1700","title":{"rendered":"KI"},"content":{"rendered":"<h1 style=\"color: #b7a5f7;\">KI &#8211; K\u00fcnstliche Intelligenz<\/h1>\n<p>Skandal oder Chance? Mit Hilfe der K\u00fcnstlichen Intelligenz (engl. AI = artifical intelligence)<br \/>\nlassen sich durch Eingabe von Worten, Fachjargon &#8222;Prompts&#8220;, Bilder erzeugen. Dazu bedarf es<br \/>\nBildgeneratoren, die nach Eingabe der Prompts ein Bild erzeugen und dem Prompt-Autor<br \/>\nzur\u00fcck auf seinen Bildschirm geschickt werden. Das klingt erstmal einfach; ist aber mit einigen<br \/>\nH\u00fcrden und Nebenbedingungen behaftet. Es kommt meistens nicht genau das heraus, was man<br \/>\nsich w\u00fcnscht. Andererseits kann man viel probieren und sich dem Ziel iterativ ann\u00e4hern. Man<br \/>\nbraucht Geduld und doch einige Kenntnisse um den gew\u00fcnschten Bild m\u00f6glichst nahe zu kommen.<br \/>\nDie meisten der hier vorgestellten Kreationen sind mit dem Nightcaf\u00e9-Creator erstellt. Da die<br \/>\nBilder s\u00e4mtlich von mir verbessert und bearbeitet wurden, liegen die Kopierrechte bei mir.<\/p>\n<p style=\"text-align: right;\">Ralf G. Keil im August 2024<\/p>\n<p>&nbsp;<\/p>\n<div class=\"su-row\"><div class=\"su-column su-column-size-1-4\"><div class=\"su-column-inner su-u-clearfix su-u-trim\">\n<a href=\"https:\/\/nachtartkeil.de\/?page_id=1760\"><img loading=\"lazy\" decoding=\"async\" class=\"size-full wp-image-104\" src=\"http:\/\/nachtartkeil.de\/wp-content\/uploads\/2024\/08\/aufm_dark_art.jpg\" alt=\"\" width=\"300\" height=\"300\" \/><\/a><\/p>\n<\/div><\/div>\n<div class=\"su-column su-column-size-3-4\"><div class=\"su-column-inner su-u-clearfix su-u-trim\">\n<h2 style=\"color: #b7a5f7;\">Surreale Portr\u00e4ts<\/h2>\n<p>Portr\u00e4ts, die mit Accesoirs versehen sind, wie aufwendige Kopfteile oder R\u00fcstungen, die der Person eine surreales Aussehen verleihen. Eine Kunstrichtung, die von K\u00fcnstlern gepr\u00e4gt wird, wie Luis Royo, Hans Rudolf Giger, Salvatore Dal\u00ec oder Luis Royo. Reale Person werden mit surrealen Beiwerk verziert, um eine fantastische Wirkung zu erzielen.<br \/>\n<div class=\"su-spacer\" style=\"height:20px\"><\/div>\n<\/div><\/div>\n<\/div>\n<div class=\"su-row\">\n<div class=\"su-column su-column-size-3-4\"><div class=\"su-column-inner su-u-clearfix su-u-trim\">\n<h2 style=\"color: #b7a5f7; text-align: right;\">Gotische Portr\u00e4ts<\/h2>\n<p style=\"text-align: right;\">Die Gotik-Bewegung folgte Anfang der 1980er Jahre der Punk-Bewegung. Schwarze Kleidung, schwarz geschminkt. Ein etwas d\u00fcsteres Aussehen gemischt mit einer Portion Erotik bei den Damen, z.B. Dekolltees, enges Korsett oder hohe Hacken. Die Bekleidung ist an den viktorianischen Stil angelehnt. Die Frisuren gehen von weiblich lang \u00fcber &#8222;side cut&#8220; zum Irokesen-Schnitt.<br \/>\n<div class=\"su-spacer\" style=\"height:30px\"><\/div>\n<\/div><\/div>\n<div class=\"su-column su-column-size-1-4\"><div class=\"su-column-inner su-u-clearfix su-u-trim\">\n<a href=\"https:\/\/nachtartkeil.de\/?page_id=2675\"><img loading=\"lazy\" decoding=\"async\" class=\"size-full wp-image-1719 alignleft\" src=\"https:\/\/nachtartkeil.de\/wp-content\/uploads\/2025\/08\/aufm_g.jpg\" alt=\"\" width=\"300\" height=\"300\" \/><\/a><br \/>\n<\/div><\/div>\n<\/div>\n<div class=\"su-row\"><div class=\"su-column su-column-size-1-4\"><div class=\"su-column-inner su-u-clearfix su-u-trim\">\n<img loading=\"lazy\" decoding=\"async\" class=\"size-full wp-image-1726 alignleft\" src=\"https:\/\/nachtartkeil.de\/wp-content\/uploads\/2024\/08\/aufm_mech.jpg\" alt=\"\" width=\"300\" height=\"300\" srcset=\"https:\/\/nachtartkeil.de\/wp-content\/uploads\/2024\/08\/aufm_mech.jpg 300w, https:\/\/nachtartkeil.de\/wp-content\/uploads\/2024\/08\/aufm_mech-150x150.jpg 150w\" sizes=\"auto, (max-width: 300px) 100vw, 300px\" \/><\/p>\n<\/div><\/div>\n<div class=\"su-column su-column-size-3-4\"><div class=\"su-column-inner su-u-clearfix su-u-trim\">\n<h2 style=\"color: #b7a5f7;\">Steampunk, Mecha, Cyborgs<\/h2>\n<p>Beim Steampunk wird typischerweise viktorianische Kleidung mit Metallteilen dekoriert, vorwiegend Instrumente. Die vorherrschende Farbe ist braun. Cyborgs sind Fantasiewesen, die aus aus einer Mischung von Mensch und Roboter bestehen, wie man sie aus Science-Fiction-Filmen kennt.<br \/>\n<div class=\"su-spacer\" style=\"height:40px\"><\/div>\n<\/div><\/div>\n<\/div>\n","protected":false},"excerpt":{"rendered":"<p>KI &#8211; K\u00fcnstliche Intelligenz Skandal oder Chance? Mit Hilfe der K\u00fcnstlichen Intelligenz (engl. AI = artifical intelligence) lassen sich durch Eingabe von Worten, Fachjargon &#8222;Prompts&#8220;, Bilder erzeugen. Dazu bedarf es Bildgeneratoren, die nach Eingabe der Prompts ein Bild erzeugen und dem Prompt-Autor zur\u00fcck auf seinen Bildschirm geschickt werden. Das klingt erstmal einfach; ist aber mit &hellip;<\/p>\n<p class=\"read-more\"> <a class=\"\" href=\"https:\/\/nachtartkeil.de\/?page_id=1700\"> <span class=\"screen-reader-text\">KI<\/span> Weiterlesen &raquo;<\/a><\/p>\n","protected":false},"author":1,"featured_media":0,"parent":0,"menu_order":0,"comment_status":"closed","ping_status":"closed","template":"","meta":{"_monsterinsights_skip_tracking":false,"_monsterinsights_sitenote_active":false,"_monsterinsights_sitenote_note":"","_monsterinsights_sitenote_category":0,"footnotes":""},"class_list":["post-1700","page","type-page","status-publish","hentry"],"_links":{"self":[{"href":"https:\/\/nachtartkeil.de\/index.php?rest_route=\/wp\/v2\/pages\/1700","targetHints":{"allow":["GET"]}}],"collection":[{"href":"https:\/\/nachtartkeil.de\/index.php?rest_route=\/wp\/v2\/pages"}],"about":[{"href":"https:\/\/nachtartkeil.de\/index.php?rest_route=\/wp\/v2\/types\/page"}],"author":[{"embeddable":true,"href":"https:\/\/nachtartkeil.de\/index.php?rest_route=\/wp\/v2\/users\/1"}],"replies":[{"embeddable":true,"href":"https:\/\/nachtartkeil.de\/index.php?rest_route=%2Fwp%2Fv2%2Fcomments&post=1700"}],"version-history":[{"count":45,"href":"https:\/\/nachtartkeil.de\/index.php?rest_route=\/wp\/v2\/pages\/1700\/revisions"}],"predecessor-version":[{"id":2673,"href":"https:\/\/nachtartkeil.de\/index.php?rest_route=\/wp\/v2\/pages\/1700\/revisions\/2673"}],"wp:attachment":[{"href":"https:\/\/nachtartkeil.de\/index.php?rest_route=%2Fwp%2Fv2%2Fmedia&parent=1700"}],"curies":[{"name":"wp","href":"https:\/\/api.w.org\/{rel}","templated":true}]}}